 3*c, -5*c - 585 = -4*m - 8*c. List the prime factors of m.
3, 7
Suppose 13 = 5*u + 3. Let p = 6 - u. List the prime factors of p.
2
Let j = -9 - -13. Suppose w = -2*u - 2*w + 18, -j*w = -u - 13. What are the prime factors of u?
3
What are the prime factors of (29 - -10) + (-1 - -4)?
2, 3, 7
Suppose 0 = x - 5*q, -46 = -5*x + 2*q - 0*q. Let i = x - -3. List the prime factors of i.
13
Suppose -3*s - 2*d = -7*d - 105, 5*s + 3*d - 209 = 0. List the prime factors of s.
2, 5
Let c = -2 + 52. List the prime factors of c.
2, 5
Let b(t) = 3*t**2 - 4*t - 5. Let l(s) = -s**3 - 5*s**2 + 4*s - 8. Let m be l(-6). List the prime factors of b(m).
3
Let o(p) = 2*p**2 + 2*p. What are the prime factors of o(-3)?
2, 3
Let r(b) = b**3 + 8*b**2 - 10*b - 8. Let u be r(-9). List the prime factors of 1 - (-2 + u + 0).
2
Let s(c) = 3*c - 4. Let h be s(2). Suppose h*u - 8 = -2*r, -3*r + 2*u = -r - 24. List the prime factors of r.
2
Suppose 11*g - 3*g - 144 = 0. What are the prime factors of g?
2, 3
Let n = 168 - 81. List the prime factors of n.
3, 29
Suppose 4*c - 8*c + 96 = 0. List the prime factors of c.
2, 3
Let v = 85 + -46. What are the prime factors of v?
3, 13
Suppose 32*h - 5250 = 2*h. What are the prime factors of h?
5, 7
Suppose -19*c = -2136 - 3697. What are the prime factors of c?
307
Let t(v) = -v + 18. Let l(q) = 6*q**2. Let y be l(-1). List the prime factors of t(y).
2, 3
Let o(y) = y**2 + 4*y - 4. Let l(b) = -b - 2*b + 0*b. Let s be l(2). What are the prime factors of o(s)?
2
Let d(w) = -42*w + 2. What are the prime factors of d(-1)?
2, 11
List the prime factors of (-1 - 3*-10) + -6 + 6.
29
Let k(d) = d**3 - 8*d**2 + 5*d - 15. List the prime factors of k(10).
5, 47
Let n = 0 + 3. Suppose -10 = -2*f + f + n*y, 4*f = -y + 1. Suppose 10 = h - f. List the prime factors of h.
11
Suppose 3 = -3*w, -w - 13 = 2*z + 12. Let t = z - -29. What are the prime factors of t?
17
Let n = 348 - 146. List the prime factors of n.
2, 101
Suppose 0 = 4*l + 16, -4*l - 37 = i - 4*i. List the prime factors of i.
7
Let h = -43 + 88. What are the prime factors of h?
3, 5
Suppose 2*p - 6 = -3*j - 2, -2*j = -4*p + 40. List the prime factors of p.
2
Let o(a) = 45*a**2 - 1. Suppose -3*f - 5*i = -17 - 0, -f - 4*i + 15 = 0. Let l be o(f). Suppose -3*u - u = -l. What are the prime factors of u?
11
Suppose -2*t - 3*l = -265, -t + 628 = 4*t - 4*l. List the prime factors of t.
2
Let n = 31 + -6. List the prime factors of n.
5
What are the prime factors of (91/14)/(2/4)?
13
Let s(d) = 10*d + 2. Suppose 4*t + 3 = 27. Let n be s(t). Suppose 0 = 3*m - n + 8. What are the prime factors of m?
2, 3
Suppose l + l + 2*d + 12 = 0, -d + 14 = -3*l. List the prime factors of (-63)/l - (-4)/10.
13
Let u(h) = 37*h**3 + 4*h**2 - 7*h + 9. List the prime factors of u(2).
307
Let d = -10 + 14. Suppose -t + w + 15 = 0, 3*w = 2*t - d*t + 20. List the prime factors of t.
13
Let b(o) be the first derivative of -3*o**2/2 + o + 2. Let s be b(-4). Suppose 4*y + 5 = s. List the prime factors of y.
2
Suppose -3*s + 0*s + 168 = 0. Suppose -a = -4*l - 5*a + s, 0 = 4*l + a - 47. Suppose 3*m - l - 7 = 0. What are the prime factors of m?
2, 3
Let k(s) = 3*s - 9. Let b(c) = -3*c + 8 + 0 + c. Let g(w) = -5*b(w) - 4*k(w). List the prime factors of g(-4).
2
Let z(k) = -5*k - 5. Let s be z(-9). What are the prime factors of 1/3 - s/(-6)?
7
Let d(w) = -16*w**3 - 3*w**2 - 6. Let m(a) = -15*a**3 - 2*a**2 - 5. Let l(s) = -4*d(s) + 5*m(s). List the prime factors of l(-1).
2, 3
Let m(y) = -3*y**3 + y**2 + 2*y + 1. Let h be m(-1). Suppose -2*l = -h*l + 11. Let r = l - 9. What are the prime factors of r?
2
Suppose -4*y = -y. Suppose 3*v + 18 + 3 = y. Let l = -1 - v. What are the prime factors of l?
2, 3
Suppose 4*u - 30 = -2*l, -u + 3*l + 3 = u. List the prime factors of u.
2, 3
Let a = 9 - 11. Let k(h) = 3*h + 3. Let m be k(a). Let q(l) = l**2 - 4. List the prime factors of q(m).
5
Suppose 2*u = k + 6, 3*k - 3*u + 15 = 2*u. Suppose 4*p - 3*b + b - 52 = k, 2*p - 5*b = 26. Let c = p - 6. What are the prime factors of c?
7
Let g(i) = -5*i - 15. Let f be (-1)/((-2)/(-14)) + 1. What are the prime factors of g(f)?
3, 5
Suppose 2 = 3*l - 7. Let d be 4/2*(-90)/(-36). Suppose d*p - 32 = l. List the prime factors of p.
7
Let q(k) = -32*k + 17. List the prime factors of q(-4).
5, 29
Let t(x) = x - 5. Let w be t(5). List the prime factors of w + 13 + (-7 - -4).
2, 5
Suppose 0 = 2*t + t - 87. List the prime factors of t.
29
Let p = 9 + -7. Let m(s) = 4*s + 3 + 2*s**p + 5*s**2 + 0 - 4*s**2. What are the prime factors of m(-2)?
7
Let r(v) = -v**2 - 7*v + 5. Suppose -11 = 3*t + 7. What are the prime factors of r(t)?
11
Suppose -2*r - 3*r = -3*m - 160, 0 = 5*r + 3*m - 160. What are the prime factors of r?
2
Suppose -84 = -2*h + 4*i, -h - 5*i = h - 39. Suppose -4*c + h = -48. List the prime factors of c.
2, 5
Suppose n + 1 = -5. Let o = 9 - 5. List the prime factors of o/12 + (-28)/n.
5
Suppose -n = -6*n. Suppose 0 = -w + 4*x + 47, 20 = -5*x - n*x. Let j = w + -14. List the prime factors of j.
17
Let z = 2 - 3. Let g be (-4)/2 + (1 - z). Let j(y) = -y + 9. What are the prime factors of j(g)?
3
What are the prime factors of 385/9 - (-4)/18?
43
Let s = 9 - 2. Suppose -g = -2 - s. What are the prime factors of g?
3
Let x be (0 - 0)/(6 - 8). Suppose x = -5*u - 25, 5 = -5*n + u + 40. What are the prime factors of n?
2, 3
Let a(k) = 8*k + 8. List the prime factors of a(6).
2, 7
Suppose 270 = 5*r + 55. List the prime factors of r.
43
List the prime factors of (10 - 9)/(1/53).
53
What are the prime factors of 1 + 1*4 - (-2 - 1)?
2
Let i be (4/5)/((-6)/(-15)). Suppose -d + i = 4*o, 3*d + o - 2 = 2*d. What are the prime factors of d?
2
Let x(b) be the second derivative of 3*b**5/20 - 4*b. What are the prime factors of x(2)?
2, 3
Suppose -60 = -4*z + 5*s, -z + 2*z + 3*s + 2 = 0. Suppose -c = -3*g + 8, 4*g + g = 5*c + z. List the prime factors of g.
3
Let d be -3 - 0*(-3)/9. Let a = 9 + d. List the prime factors of a.
2, 3
Let h = -7 + 34. Let p be (h/(-15))/((-1)/5). Let a = 20 - p. What are the prime factors of a?
11
Suppose 0 = 2*q + i - 153, -q + 66 = -0*q - 3*i. What are the prime factors of q?
3, 5
Suppose 4*r + 46 = 6*r. Let z = -5 + r. What are the prime factors of z?
2, 3
Let o = 138 + -95. What are the prime factors of o?
43
Let g(m) = 4*m - 4. Let s be g(8). Let y = s + -17. List the prime factors of y.
11
Suppose -6*f + 3*f + 63 = 0. What are the prime factors of f?
3, 7
What are the prime factors of (6*-1)/(4/(-6))?
3
Suppose 0 = -4*r - 2*r + 1098. List the prime factors of r.
3, 61
Suppose 5*p + c - 173 = 0, 0 = -3*p + 5*c - c + 90. What are the prime factors of -2 + 0 + 2 + p?
2, 17
Let r = 16 + -6. Let n be (r/2)/(1/2). List the prime factors of 16/n*15/2.
2, 3
Let q(w) = w**2 - w + 2. Let z = 0 - 0. Let c be q(z). Suppose 0*m + c = m. What are the prime factors of m?
2
Let r(h) = -34*h + 14. List the prime factors of r(-2).
2, 41
Suppose -4*k - 3*v + 71 = 0, 4 + 71 = 5*k + v. List the prime factors of k.
2, 7
List the prime factors of ((-312)/(-20))/(10/25).
3, 13
Let s = 183 + -40. List the prime factors of s.
11, 13
Suppose -30 = 7*q - 8*q. List the prime factors of q.
2, 3, 5
Suppose 0 = -s - 3*s - 240. Let f = -37 - s. What are the prime factors of f?
23
Suppose n - 5*q = 7, -1 = -q - 3. Let k be (-2)/(11/(-9) - -1). Let z = k + n. List the prime factors of z.
2, 3
Let y be 2*3/((-6)/(-11)). Let n be -3 - -6*(-3)/6. Let r = y + n. What are the prime factors of r?
5
Let d = -9 + 13. Suppose -5*o = -d*w + 18 + 24, -2*w = 5*o - 36. List the prime factors of w.
13
Suppose 0*z = -3*z + 90. List the prime factors of z.
2, 3, 5
What are the prime factors of ((-376)/(-4))/(1 + 1)?
47
Suppose -4*y - 99 = -7*y. List the prime factors of y.
3, 11
Suppose 3*g = -2*g + 15. Suppose -3*d + 3*c = 5*c - 6, -g*d + 3*c = -6. Suppose 48 = 2*z + d*z. What are the prime factors of z?
2, 3
Let i = -6 - 0. Let k = -11 - i. Let p = k - -9. What are the prime factors of p?
2
Suppose -2*u = 5*h - 103, -2*u + 3*h = -42 - 37. What are the prime factors of u?
2, 11
Let f be 4/((-3)/6*-4). Suppose 0 = -2*y - f*y + 52. List the prime factors of y.
13
Suppose -10*t + 757 = -473. What are the prime factors of t?
3, 41
Suppose 3 = -5*l - 7. Let i be -12*(21/(-9) - l). Supp